. Calculate the highest common factor of 48 and l.
8
Suppose 640 + 200 = 7*q. What is the highest common factor of 48 and q?
24
Suppose -3*p = 4*r - 225, -3*p = -2*r - 0*r + 99. Suppose -2*h = -2*m + 18, 0 = 3*m - m + 4*h. Calculate the greatest common factor of r and m.
6
Suppose -2*g - 2 = -12. Suppose 4*m - 26 = -5*b, 2*b + 12 + 4 = g*m. What is the highest common divisor of m and 36?
4
Suppose -6*k + 5*k - 4 = 0. Let o = k + 9. Suppose -251 + 856 = o*m. What is the highest common factor of 11 and m?
11
Suppose 0 = -2*j - 0*j - 420. Suppose 3*w - 417 = 3*g, 3*g + 2*w = -2*w - 424. Let v = g - j. Calculate the highest common divisor of v and 14.
14
Let z be 204/12 - ((-10)/(-2) - 2). What is the greatest common factor of z and 42?
14
Let j(b) = b + 9. Let q be j(-7). Suppose -62 - 3 = -4*n + 3*w, 0 = q*n + 5*w - 13. Calculate the greatest common factor of 56 and n.
14
Suppose -269 = -4*l + 691. Calculate the greatest common divisor of 30 and l.
30
Let z = -38 + 8. Let d = -18 - z. Suppose -3*u - o + 329 = 0, -2*o = -u + 3*o + 83. Calculate the greatest common factor of d and u.
12
Let q(m) = 5*m**2 + 5*m - 8. Let t be q(-7). Suppose -3*a + 5*v = -280, -2*a + 6 + t = 2*v. Calculate the greatest common divisor of a and 25.
25
Let c = 3 - -24. Let m = c - 5. Let n = 63 - 30. What is the greatest common factor of n and m?
11
Suppose -5*j = -3*j + 38. Let s = -4 - j. Let v be 2/(4/(-10))*-2. Calculate the highest common divisor of s and v.
5
Suppose -321 = -4*x + 75. Suppose 7*n - 3*n = -32. Let w(s) = s**2 + 7*s + 3. Let z be w(n). What is the greatest common divisor of z and x?
11
Suppose 4*u = -3*q - 192, 0*u - u - 4*q = 48. Suppose -2*c + n = -0*c + 230, -2 = -n. Let t = u - c. Calculate the highest common factor of t and 6.
6
Suppose -3*c + 75 - 3 = 0. Suppose -t + c = -20. Calculate the greatest common factor of t and 22.
22
Let u = 1 + -3. Let y be (u/8)/((-4)/176). What is the greatest common factor of y and 88?
11
Let h = 0 + -8. Let q = -6 - h. Let s = 7 - 2. What is the highest common factor of q and s?
1
Suppose -5*b + 10 + 10 = 0. Suppose 2*g = 3*x - 23, 3*g - 30 = -b*x + 5*g. Let v = x - -11. Calculate the greatest common factor of 18 and v.
18
Let y = 2 + -1. Suppose -5*v - y + 36 = 0. What is the greatest common divisor of v and 28?
7
Let u(a) = -a**2 + 5. Let n be u(0). Let s(f) = -f + 8. Let h be s(n). Suppose -d + h = -y + 4, -d + 4*y - 7 = 0. What is the highest common factor of d and 5?
1
Let b = 6 + 2. What is the greatest common factor of b and 20?
4
Suppose n = -3*n + 24. Suppose -2*f = -5*f + 144. What is the greatest common factor of n and f?
6
Let s be (-1)/6 + 1195/6. Let y = 343 - s. What is the highest common divisor of 18 and y?
18
Let u(q) = q + 11. Let o be u(-9). Suppose 26 = 3*v - 2*l, -v + l - o*l + 12 = 0. Suppose -z - 4*z + 350 = 0. Calculate the highest common divisor of v and z.
10
Suppose 3*j - 18 = -3*u, -3*j = -j - 2*u - 24. Suppose 3*v - 9 = -0*v. What is the highest common divisor of j and v?
3
Suppose 5*z - 23 = 32. What is the greatest common divisor of z and 44?
11
Suppose -a = -x + 12, -3*x + 4*a + 58 - 20 = 0. What is the highest common divisor of x and 110?
10
Suppose 5*n = 5*j - 72 - 68, -n - 52 = -2*j. Suppose -100 + j = -y - 4*s, y - 82 = -2*s. Suppose 50 = 5*d + 10. What is the highest common factor of y and d?
8
Let w = 0 + -3. Let x = w - -33. Calculate the highest common factor of 12 and x.
6
Let k = 17 + -12. Let r = k + 0. What is the highest common divisor of r and 5?
5
Suppose 29 = 5*s - 26. Let g be 5642/49 - -6 - 3/21. What is the greatest common factor of g and s?
11
Suppose -2*m - 3*q + 9 = 0, 8*m + 5*q = 3*m + 35. Calculate the greatest common divisor of m and 8.
4
Suppose -8*p - 168 = -4*p. Let d = p + 91. What is the greatest common factor of d and 7?
7
Let x = -6 - -8. Suppose -x*p + 6 = p. Let j be (2 - (-7 - p))/1. What is the highest common divisor of 44 and j?
11
Suppose -2*f + f = -7. Let d = 102 + -46. Calculate the highest common factor of d and f.
7
Let p = 35 - -14. Let d = p - 34. What is the highest common divisor of d and 6?
3
Let j(w) be the second derivative of -w**5/20 + w**4 - w**3/2 + 5*w**2/2 - 6*w. Let r be j(10). What is the highest common divisor of 35 and r?
35
Let d(p) = 5*p**2 - 10*p - 8. Let t(v) = 11*v**2 - 21*v - 16. Let r(q) = -13*d(q) + 6*t(q). Let h be r(-6). Calculate the highest common divisor of h and 40.
20
Let y = 14 + 6. Calculate the highest common divisor of y and 4.
4
Let x(c) = c**2 - 10*c - 6. Suppose 5 = -f, 0 = -3*s + 3*f + 75 - 27. Let m be x(s). Calculate the greatest common divisor of m and 5.
5
Suppose -i - 15 = -19. Let v(z) = -27*z**3 + 2*z**2 + z. Let r be v(-1). What is the highest common factor of i and r?
4
Let g(l) = -5*l + 69 - 68 + 16*l. Let f = 5 + -1. Let k be g(f). Calculate the highest common divisor of k and 9.
9
Let m = 25 - 11. Let i be (1 - m*2)*-4. Let b be (-8)/(((-4)/6)/1). What is the greatest common factor of b and i?
12
Let l(v) = -v**2 - 10*v + 10. Let o be l(-10). Calculate the greatest common factor of 90 and o.
10
Let x be (-2)/8 + (-75)/(-12). Suppose 3*d + x*h - h = 99, -33 = -d + 5*h. Calculate the greatest common factor of d and 22.
11
Let g be (-1)/(-3)*(-36)/(-3). Calculate the greatest common factor of 4 and g.
4
Suppose 5*q - 4 = 3*g, 5*g - 2*g - 12 = -3*q. Let l(k) = 5*k + 2*k + k + g*k**2. Let v be l(-6). Calculate the greatest common divisor of 8 and v.
8
Suppose 26 = 3*z + 11. Suppose 0 = 5*f + 5*w - 45, 0 = 4*f - z*w - 12 - 51. Calculate the highest common divisor of 60 and f.
12
Suppose -3*q - 3*u = -9 - 24, 3*u + 9 = 4*q. Calculate the highest common factor of q and 30.
6
Suppose 7*q - 2*q - 65 = 3*h, -15 = -3*h. Let y be (0/(-1) - 1)*25. Let s = y + 49. Calculate the greatest common factor of s and q.
8
Let i(x) = x**2 + 7*x + 5. Let z = 14 + -22. Let g be i(z). Calculate the greatest common factor of g and 65.
13
Suppose 0 = -3*k + 148 + 20. Suppose -24 - 39 = -9*w. Calculate the highest common divisor of w and k.
7
Let l = -7 + 7. Suppose -1101 = -5*s + d, 2*s + s + 5*d - 655 = l. Calculate the highest common divisor of 20 and s.
20
Let x be (-6)/5*(-20)/6. Let f = -79 + 95. Calculate the greatest common divisor of x and f.
4
Let q(p) be the third derivative of -p**4/8 + p**3/3 + p**2. Let z be 6/(-2) + -1*2. Let d be q(z). What is the highest common factor of 51 and d?
17
Suppose -3*g = -8 - 16. Let j be 1290/20 + (-1)/2. What is the highest common divisor of g and j?
8
Let p be (-1 + 12 - 3)/2. Suppose 3*a - 4 = -13. Let i = a + 5. Calculate the greatest common divisor of p and i.
2
Let u(f) = -20*f - 4. Let s be u(-4). Suppose 5*z - 101 = -5*r + 9, -4*r + s = z. What is the greatest common divisor of 12 and r?
6
Let s(u) = 14*u + 8. Let m be s(3). Let i = 19 - 9. What is the highest common divisor of i and m?
10
Let q be -13 - -10 - (-1 + -67). Calculate the highest common divisor of 5 and q.
5
Suppose -5*z + 56 = -3*n, -4*z = z + 3*n - 74. Suppose -2*v - 2*v = 60. Let f be -2 + -1 - (-1 + v). What is the highest common divisor of z and f?
13
Let f = 21 + -1. Calculate the greatest common divisor of f and 5.
5
Let a be 7 - (-2 + 4 + -7 + 9). What is the greatest common divisor of a and 2?
1
Let h(g) = 2*g**2 + 4*g - 6. Let j be h(6). Calculate the greatest common factor of 10 and j.
10
Let s(k) = 2*k**3 - 14*k**2 + 7. Let h be s(7). Let z = 12 + -5. Calculate the greatest common divisor of z and h.
7
Let p(v) = v**3 - 8*v**2 + 7*v + 4. Let y be p(7). Let k(i) = i**3 - 3*i**2 - 2*i + 5. Let f be k(y). What is the greatest common factor of 39 and f?
13
Let r = 34 - -31. Suppose -4*z = 5*k - r, -5*k - 3*z + z = -75. Calculate the greatest common divisor of k and 153.
17
Let m(d) = 77*d**2 - d + 1. Let x be m(1). Calculate the greatest common factor of x and 7.
7
Suppose 0 = 4*a - 39 - 73. Suppose 3*c + 2 = 8. Let j be (-1)/c*80/(-10). What is the greatest common factor of j and a?
4
Suppose s = -3*c - 3*s + 17, 2*c - 13 = -s. Let j be 1/4 + 3/4. What is the greatest common factor of c and j?
1
Let a(i) = -i**2 + 3*i + 2. Let q be a(3). Calculate the greatest common divisor of 8 and q.
2
Let w(k) = 41*k**2 - k. Let z be w(1). Let a = -16 + z. Suppose 3*j - 3 = m - a, -3*j = 5*m - 15.